t n be -17 + 42 - 17 - 24. Give r(n).
9
Let r(g) = -g**2 + 4*g + 8. Let q be 36 + -1 + (-1 - 2). Suppose 28 = d + l, 0*l + 2*l - q = -d. Suppose -d*z = -22*z - 12. Give r(z).
-4
Suppose 42 = 29*z - 22*z. Let u be (z/(-9))/((-3)/18). Suppose -3*m - 3 = -u*m. Let y(r) = -3*r + 2. Calculate y(m).
-7
Let p(h) = 78 - 34*h + 41*h**2 - 18*h**2 - 37 - 25*h**2. What is p(-18)?
5
Let s(c) = 6*c**2 + 4*c - 10. Let p(b) = 4*b - 3. Let x be p(1). Let l(d) = -d**2 - d + 1. Let j(w) = x*s(w) + 8*l(w). Let v = -9 + 7. Determine j(v).
-2
Let k(x) = -2*x**2 - 6*x + 18. Let p(t) = -123*t - 859. Let b be p(-7). Determine k(b).
-2
Let h(l) = l**3 + 5*l**2 - 15*l - 56. Suppose 0 = -85*d - 99*d + 194*d + 60. Determine h(d).
-2
Let o = -207 + 207. Suppose o = -175*v + 165*v + 70. Let c(d) = d**3 - 7*d**2 - d - 2. Calculate c(v).
-9
Let p = 72 + -82. Let i be (-1)/5*1*p. Let o(u) be the third derivative of u**5/60 - u**4/6 - u**3/6 + 2*u**2. Calculate o(i).
-5
Let l(q) be the second derivative of -7/2*q**2 + 1/20*q**5 + 0 - 137*q - 1/2*q**3 - 1/2*q**4. Give l(6).
-25
Let y(u) be the third derivative of -u**5/60 - 13*u**4/24 + 199*u**3/6 + 189*u**2 + 5*u. Determine y(-22).
1
Let f(t) = t**3 - t**2 - 10. Let j(k) = -2*k**3 + 12*k**2 + 2*k + 53. Let i(l) = -3*f(l) - j(l). Determine i(-9).
-5
Let g(h) = h**3 + 33*h + 4 - 2*h**3 + 11*h**2 - 5*h**2 - 16*h + h**2. What is g(9)?
-5
Let l(d) = -d**3 + d + 6. Let g be l(0). Let f(x) = -9*x + 20 + 4*x - 17 - 10 + 6*x. What is f(g)?
-1
Let d(m) be the first derivative of -m**4/12 + 5*m**3/6 - m**2/2 + 84*m + 37. Let p(g) be the first derivative of d(g). Determine p(6).
-7
Let s(i) = i**2 - 22*i - 1. Let c be -4 + 1965/75 - (-3)/(-15). Determine s(c).
-1
Let i(q) = 12*q**2 - 9. Let z(k) = -6*k**2 + 4. Let d(f) = 4*i(f) + 9*z(f). Let y = -113 - 311. Let c = -423 - y. Calculate d(c).
-6
Let x(s) = -s**2 + 9*s + 3. Let p = 24 - -2. Suppose -43 - p = -3*d. Let v = -16 + d. Give x(v).
17
Let y(i) = 81*i - 242. Let w(a) = -a**3 - 10*a**2 - 29*a - 287. Let g be w(-10). Calculate y(g).
1
Let g be (2 - -1)/((-9)/6). Let k(n) be the second derivative of n**4/12 + n**3/2 + 2*n**2 - n + 888. Calculate k(g).
2
Let c(d) = -4*d**2 + 19*d + 40. Let g(v) = 5*v**2 - 18*v - 38. Let w(n) = -6*c(n) - 5*g(n). What is w(-22)?
-6
Let l(j) = -68*j + 110. Let r(z) = 26*z - 36. Let p(i) = 3*l(i) + 8*r(i). Calculate p(-13).
-10
Let x be (-4)/((8/3)/(190/(-285))). Let t(u) = 0*u - 14*u - 6*u. What is t(x)?
-20
Suppose -20*d + 29 = -51. Let c(u) = -92*u**2 + 11*u**3 + d - 3 - u**3 + 90*u**2. Give c(1).
9
Let f be 1 - 1 - 18/(-3). Suppose f*b = 5*b + 9. Let x(i) be the second derivative of i**4/12 - 5*i**3/3 + i**2 + 142*i. Determine x(b).
-7
Suppose 0 = -3*a + 81 + 3. Suppose 31*c + 12 = a*c. Let s(d) be the first derivative of -d**3/3 - 3*d**2/2 + 3*d - 1223. Give s(c).
-1
Let n(x) = -x**3 + 16*x**2 + 35*x - 10. Let s(o) = 7*o**2 - 114*o + 50. Let h be s(16). Give n(h).
-28
Let s(m) = 5*m - 21. Let v be s(7). Let o = v - 9. Let i(h) = -h**2 + 4*h + 7. What is i(o)?
2
Let t(p) = p**2 + p + 1. Let v(b) = -b**3 + 12*b**2 - 8*b + 11. Let f be ((-10)/(-4) - 3)/((-2)/8). Let s(l) = f*t(l) - v(l). What is s(9)?
0
Suppose -5*b - 15 = 5*s, -s + 3*b - 19 - 4 = 0. Let a(v) = -v - 6. Let d be a(-6). Let l(u) = d*u**2 - 2*u**2 + 0 - 8*u - 7 + u**2. Calculate l(s).
-7
Let m = 65 + -65. Suppose -3*i - 5 - 16 = m. Let h(a) = 3*a**2 - 19*a - 1. Let u(s) = -s**2 + 9*s. Let g(f) = 2*h(f) + 5*u(f). Calculate g(i).
-2
Let v(u) = -u**2 + 6*u - 3. Let g be -5*4/3*(-6)/(-10). Let q(c) = -c**2 - 3*c + 2. Let n be q(g). Let h be n*(-2)/(-2)*-2. Determine v(h).
5
Let v be 754/(-1131) + 25/(-3). Let p(z) = z + 35. Give p(v).
26
Let i(y) = -8*y + 79. Suppose -364 = 71*m - 1074. Give i(m).
-1
Suppose 9*b + 5*p = 7*b - 401, -3*b = 3*p + 588. Let x = 192 + b. Let f(i) = -3*i - 1. What is f(x)?
2
Suppose -b - 91 - 86 = 0. Let r = -183 - b. Let c(k) = -k - 12. What is c(r)?
-6
Let d = 312 + -321. Let y(h) = -16*h - 32. Determine y(d).
112
Let w(r) = 180 - r**3 - r**2 - 10*r - 20 - 103 - 11*r**2 - 3*r**2. Calculate w(-14).
1
Let h(u) = -1261*u + 2*u**2 - 6 + 2385*u - 1144*u. Let m = 38 - 27. Determine h(m).
16
Let j(f) be the third derivative of 5*f**4/12 + 2*f**2. Suppose 5*u + 8*u = -32*u - 45. Give j(u).
-10
Let i(y) be the first derivative of -9 + 0*y**4 + 0*y**2 + 0*y - 1/360*y**6 + 1/30*y**5 - 14/3*y**3. Let h(r) be the third derivative of i(r). Calculate h(4).
0
Let i be ((-45)/20)/(9/(-24)). Let j = 14 - i. Let t(h) be the second derivative of h**4/12 - 4*h**3/3 - 4*h**2 + 2*h. Calculate t(j).
-8
Let r be (-12)/(-60)*(-1 + 6). Suppose -4*l - 24 = -l. Let u be l + (21/7 - (3 - r)). Let q(n) = -n - 9. Determine q(u).
-2
Let g = 8638 - 207311/24. Let n(k) be the third derivative of -2/3*k**3 + 0*k + 21*k**2 + 0 + g*k**4. What is n(4)?
0
Let i(g) = g**2 + 33*g - 8670. Let f be i(-111). Let l(a) = a**3 + 12*a**2 - 5*a - 59. Give l(f).
1
Suppose -12 = -b - 2*v, -4*v = 5*b - 2*b - 28. Let o(q) = -3*q - 1. Let k be ((-5)/(-4))/((-12)/48). Let n(m) = -4*m. Let s(u) = k*o(u) + 4*n(u). What is s(b)?
1
Let k = -16 + 25. Let r(u) = 50036*u**2 - 50026*u**2 - 10*u + 9 - 5*u**3 + 4*u**3. Determine r(k).
0
Let n(i) = -2*i - 2. Let j(u) = u - 1. Let f(c) = 3*j(c) - n(c). Let x be (-1)/(6*7/(-8) - -5). Let y be x/6*54/36. Calculate f(y).
4
Let l(x) = -3*x**2 - 9*x + 17. Let h(r) = -3*r**3 - 79*r**2 - 102*r - 45. Let m be h(-25). Give l(m).
-103
Let q(k) = 3*k - 14. Let a be q(7). Let f(h) = -6*h**2 + 26*h - 15. Let s(i) = i**2 - 4*i + 3. Let y(w) = -f(w) - 5*s(w). Calculate y(a).
7
Let k(f) = f**3 - 21*f**2 + 21*f - 15. Let z be k(20). Let h(c) = -c**3 + 9*c + 27 + z*c**2 + 29 - 60. Let t = 31 + -25. Give h(t).
14
Let g(t) = t - 2. Let l(w) = 20*w - 15. Let s(y) = 24*g(y) - 3*l(y). Let n(u) = -16*u - 1. Let r(h) = 5*n(h) - 2*s(h). Calculate r(1).
-7
Let n(l) = -356*l + 11030. Let z be n(31). Let a(r) = -r**2 - 8*r + 10. Determine a(z).
22
Let p = 73 + -62. Suppose n = p*n - 50. Suppose -n = -18*m + 13*m. Let t(k) = -2*k**2 - 1. Determine t(m).
-3
Let n(u) = -u**3 - 11*u**2 + 12*u + 8. Let g be n(-12). Let x(k) = -57*k - 10. Let v(q) = 7*q + 1. Let o(t) = -24*v(t) - 3*x(t). Determine o(g).
30
Let d(j) = 614*j**2 + 477*j - 495*j + j**3 - 603*j**2 - 25. What is d(-12)?
47
Let i(w) be the first derivative of -1/4*w**4 - 3*w - 70 - w**2 - 4/3*w**3. Suppose -k - 4*s + 13 = 1, -s + 20 = -4*k. Give i(k).
5
Let q(r) = 2*r**2 + r. Let n(h) = -h + 4. Let z be n(6). Let s be q(z). Let w(g) be the first derivative of g**2/2 + 13. What is w(s)?
6
Let o = -19858 + 19861. Let s(p) be the first derivative of -p**5/40 + p**3/3 - 2. Let x(m) be the third derivative of s(m). What is x(o)?
-9
Let r(k) = 8*k - 3. Suppose -29*w + 214 = -28*w. Let q = w + -209. Determine r(q).
37
Suppose -48 = -8*s + 2*s. Let y be (-30)/s*(-40)/10. Suppose -y = -2*v - v. Let n(h) = -h + 6. Give n(v).
1
Let l = 5793 - 5788. Let d(z) = 2*z**2 + 3*z - 6. What is d(l)?
59
Let l(f) be the third derivative of f**4/6 + f**3/3 + f**2. Suppose 0 = 3341*d - 3330*d + 3333. Let y be 8/(-3) - (-404)/d. Give l(y).
-14
Let z = 266 + -260. Let a(x) = -x**3 - 5*x**2 + x - 6. Let r(q) = 2*q**3 + 11*q**2 - 2*q + 13. Let h(j) = z*r(j) + 13*a(j). Determine h(-1).
1
Let k(z) = -16*z + 10*z - 17 - 5*z**2 + 12*z + z**3 + 15 - 8. What is k(5)?
20
Let c(u) = -129*u**3 + 34*u**2 + 33*u - 53. Let k(p) = 37*p**3 - 11*p**2 - 11*p + 18. Let w(g) = 2*c(g) + 7*k(g). Give w(10).
10
Let v(c) be the third derivative of 1/24*c**4 - 8*c**2 - 1/60*c**5 + 2*c + 0 - 7/6*c**3. Calculate v(6).
-37
Let k = 145 + -17. Let q = k + -133. Let a(j) = j**3 + 4*j**2 - 8*j - 5. Determine a(q).
10
Let r = 12046 + -12045. Let o(k) = -29*k**3 - 8*k + 9. Determine o(r).
-28
Let z(c) = -22572*c**2 + 11283*c**2 + 4*c + 6 + 1 + 11288*c**2. Let q(b) = b**3 + 5*b**2 - 5*b + 3. Let u be q(-6). Let t = u - -8. What is z(t)?
2
Let i(y) = -y + 1. Let s be i(2). Let r(h) = 4209*h**2 - 12636*h**2 - 2 + 4210*h**2 + 4211*h**2 - h. Determine r(s).
-7
Let n(o) = -o**3 + 7*o**2 + o - 6. Let c = -242 - -326. Suppose 21*h - 33*h + c = 0. Give n(h).
1
Let w be (6 - (-27)/9)*(-1)/(-3). Let p(z) = 2*z - 20. Let y(t) = t - 11. Let a(g) = w*p(g) - 5*y(g). What is a(4)?
-1
Let b(n) = -77530*n**2 - 77521*n**2 - 73 + 8*